{"id":24982,"date":"2026-03-03T09:32:20","date_gmt":"2026-03-03T08:32:20","guid":{"rendered":"https:\/\/www.egss.si\/?page_id=24982"},"modified":"2026-03-05T12:01:07","modified_gmt":"2026-03-05T11:01:07","slug":"zaupnik","status":"publish","type":"page","link":"https:\/\/www.egss.si\/index.php\/zaupnik\/","title":{"rendered":"Zaupnik na EGS\u0160 Radovljica"},"content":{"rendered":"<p><div class=\"fusion-fullwidth fullwidth-box fusion-builder-row-1 nonhundred-percent-fullwidth non-hundred-percent-height-scrolling\" style=\"--awb-border-radius-top-left:0px;--awb-border-radius-top-right:0px;--awb-border-radius-bottom-right:0px;--awb-border-radius-bottom-left:0px;--awb-background-color:#ffffff;--awb-flex-wrap:wrap;\" ><div class=\"fusion-builder-row fusion-row\"><div class=\"fusion-layout-column fusion_builder_column fusion-builder-column-0 fusion_builder_column_1_1 1_1 fusion-one-full fusion-column-first fusion-column-last\" style=\"--awb-bg-size:cover;--awb-margin-bottom:0px;\"><div class=\"fusion-column-wrapper fusion-flex-column-wrapper-legacy\"><div class=\"fusion-image-element fusion-image-align-center in-legacy-container\" style=\"text-align:center;--awb-caption-title-font-family:var(--h2_typography-font-family);--awb-caption-title-font-weight:var(--h2_typography-font-weight);--awb-caption-title-font-style:var(--h2_typography-font-style);--awb-caption-title-size:var(--h2_typography-font-size);--awb-caption-title-transform:var(--h2_typography-text-transform);--awb-caption-title-line-height:var(--h2_typography-line-height);--awb-caption-title-letter-spacing:var(--h2_typography-letter-spacing);\"><div class=\"imageframe-align-center\"><span class=\" fusion-imageframe imageframe-none imageframe-1 hover-type-none\" style=\"border-radius:5px;\"><img decoding=\"async\" width=\"1441\" height=\"223\" title=\"header_zaupnik EGS\u0160\" src=\"https:\/\/www.egss.si\/wp-content\/uploads\/2026\/03\/header_zaupnik-EGSS.png\" alt class=\"img-responsive wp-image-25003\" srcset=\"https:\/\/www.egss.si\/wp-content\/uploads\/2026\/03\/header_zaupnik-EGSS-200x31.png 200w, https:\/\/www.egss.si\/wp-content\/uploads\/2026\/03\/header_zaupnik-EGSS-400x62.png 400w, https:\/\/www.egss.si\/wp-content\/uploads\/2026\/03\/header_zaupnik-EGSS-600x93.png 600w, https:\/\/www.egss.si\/wp-content\/uploads\/2026\/03\/header_zaupnik-EGSS-800x124.png 800w, https:\/\/www.egss.si\/wp-content\/uploads\/2026\/03\/header_zaupnik-EGSS-1200x186.png 1200w, https:\/\/www.egss.si\/wp-content\/uploads\/2026\/03\/header_zaupnik-EGSS.png 1441w\" sizes=\"(max-width: 1050px) 100vw, 1200px\" \/><\/span><\/div><\/div><div class=\"fusion-clearfix\"><\/div><\/div><\/div><\/div><\/div><div class=\"fusion-fullwidth fullwidth-box fusion-builder-row-2 nonhundred-percent-fullwidth non-hundred-percent-height-scrolling\" style=\"--awb-border-radius-top-left:0px;--awb-border-radius-top-right:0px;--awb-border-radius-bottom-right:0px;--awb-border-radius-bottom-left:0px;--awb-padding-top:40px;--awb-padding-bottom:40px;--awb-flex-wrap:wrap;\" ><div class=\"fusion-builder-row fusion-row\"><div class=\"fusion-layout-column fusion_builder_column fusion-builder-column-1 fusion_builder_column_1_1 1_1 fusion-one-full fusion-column-first fusion-column-last\" style=\"--awb-bg-size:cover;\"><div class=\"fusion-column-wrapper fusion-flex-column-wrapper-legacy\"><div class=\"fusion-text fusion-text-1\"><h1>Zaupnik na EGS\u0160 Radovljica<\/h1>\n<\/div><div class=\"fusion-text fusion-text-2\"><p data-start=\"166\" data-end=\"405\" data-cya11y-org-font-size=\"16\">Z namenom zagotavljanja stabilnega in kakovostnega delovanja organizacije, varovanja pravic in zakonitosti ter prepre\u010devanja zlorab, smo na EGS\u0160 Radovljica vzpostavili <strong>zaupen kanal za prijavo nepravilnosti v delovnem okolju<\/strong>.<\/p>\n<p>Z notranjo potjo za prijavo kr\u0161itev predpisa skupaj gradimo \u0161olo, kjer sta spo\u0161tovanje in odgovornost na prvem mestu. Prijava bo obravnavana resno, zaupno in strokovno, prijaviteljem pa je zagotovljena za\u0161\u010dita skladno z veljavno zakonodajo.<\/p>\n<p data-start=\"652\" data-end=\"786\" data-cya11y-org-font-size=\"16\">Tu si lahko ogledate <strong data-start=\"688\" data-end=\"749\">pomembne informacije<\/strong> glede vzpostavitve zaupnega kanala na na\u0161i \u0161oli ter pridobite <strong>relevantne dokumente<\/strong>:<\/p>\n<p data-start=\"652\" data-end=\"786\" data-cya11y-org-font-size=\"16\"><strong>Imenovani zaupnik:<\/strong><br \/>\nMarjanca Komar, u\u010ditelj VIZ<\/p>\n<p data-start=\"652\" data-end=\"786\" data-cya11y-org-font-size=\"16\"><strong>Imenovana administrativna oseba:<\/strong><br \/>\nErika Burjek, administrator, knjigovodja, tajnik VIZ<\/p>\n<p data-start=\"652\" data-end=\"786\" data-cya11y-org-font-size=\"16\"><strong>Kontaktni podatki za sprejem prijav:<\/strong><\/p>\n<ul>\n<li data-start=\"652\" data-end=\"786\" data-cya11y-org-font-size=\"16\">po e-po\u0161ti na <a href=\"mailto:zaupnik@egss.si\"><strong>zaupnik@egss.si<\/strong><\/a><\/li>\n<li data-start=\"652\" data-end=\"786\" data-cya11y-org-font-size=\"16\">na naslovu Ekonomska gimnazija in srednja \u0161ola Radovljica, Gorenjska cesta 13, 4240 Radovljica s pripisom &#8220;v roke zaupniku za notranjo prijavo&#8221;<\/li>\n<li data-start=\"652\" data-end=\"786\" data-cya11y-org-font-size=\"16\">osebno pri zaupniku po predhodnem naro\u010dilu (preko e-po\u0161te)<\/li>\n<\/ul>\n<p data-start=\"652\" data-end=\"786\" data-cya11y-org-font-size=\"16\"><strong>Dokumenti:<\/strong><br \/>\n<a href=\"https:\/\/www.egss.si\/wp-content\/uploads\/2026\/03\/Pravilnik-o-vzpostavitvi-notranje-poti-za-prijavo-na-EGSS.pdf\">Pravilnik o vzpostavitvi notranje poti za prijavo na EGS\u0160<\/a><br \/>\n<a href=\"https:\/\/www.egss.si\/wp-content\/uploads\/2026\/03\/Obrazec-za-notranjo-prijavo-EGSS.pdf\">Obrazec za notranjo prijavo<\/a><br \/>\n<a href=\"https:\/\/www.egss.si\/wp-content\/uploads\/2026\/03\/Informacije-o-prijavi-krsitev.pdf\">Informacije o prijavi kr\u0161itev<\/a><\/p>\n<p data-start=\"652\" data-end=\"786\" data-cya11y-org-font-size=\"16\">&#8230;<\/p>\n<\/div><div class=\"fusion-clearfix\"><\/div><\/div><\/div><\/div><\/div><div class=\"fusion-fullwidth fullwidth-box fusion-builder-row-3 nonhundred-percent-fullwidth non-hundred-percent-height-scrolling\" style=\"--awb-border-radius-top-left:0px;--awb-border-radius-top-right:0px;--awb-border-radius-bottom-right:0px;--awb-border-radius-bottom-left:0px;--awb-padding-top:25px;--awb-background-color:#cdcacb;--awb-flex-wrap:wrap;\" ><div class=\"fusion-builder-row fusion-row\"><div class=\"fusion-layout-column fusion_builder_column fusion-builder-column-2 fusion_builder_column_1_1 1_1 fusion-one-full fusion-column-first fusion-column-last\" style=\"--awb-bg-size:cover;\"><div class=\"fusion-column-wrapper fusion-flex-column-wrapper-legacy\"><div class=\"fusion-clearfix\"><\/div><\/div><\/div><\/div><\/div><\/p>\n","protected":false},"excerpt":{"rendered":"","protected":false},"author":1,"featured_media":0,"parent":0,"menu_order":0,"comment_status":"closed","ping_status":"closed","template":"100-width.php","meta":{"_monsterinsights_skip_tracking":false,"_monsterinsights_sitenote_active":false,"_monsterinsights_sitenote_note":"","_monsterinsights_sitenote_category":0,"two_page_speed":[],"footnotes":""},"class_list":["post-24982","page","type-page","status-publish","hentry"],"_links":{"self":[{"href":"https:\/\/www.egss.si\/index.php\/wp-json\/wp\/v2\/pages\/24982","targetHints":{"allow":["GET"]}}],"collection":[{"href":"https:\/\/www.egss.si\/index.php\/wp-json\/wp\/v2\/pages"}],"about":[{"href":"https:\/\/www.egss.si\/index.php\/wp-json\/wp\/v2\/types\/page"}],"author":[{"embeddable":true,"href":"https:\/\/www.egss.si\/index.php\/wp-json\/wp\/v2\/users\/1"}],"replies":[{"embeddable":true,"href":"https:\/\/www.egss.si\/index.php\/wp-json\/wp\/v2\/comments?post=24982"}],"version-history":[{"count":7,"href":"https:\/\/www.egss.si\/index.php\/wp-json\/wp\/v2\/pages\/24982\/revisions"}],"predecessor-version":[{"id":25021,"href":"https:\/\/www.egss.si\/index.php\/wp-json\/wp\/v2\/pages\/24982\/revisions\/25021"}],"wp:attachment":[{"href":"https:\/\/www.egss.si\/index.php\/wp-json\/wp\/v2\/media?parent=24982"}],"curies":[{"name":"wp","href":"https:\/\/api.w.org\/{rel}","templated":true}]}}