{"id":23034,"date":"2024-06-19T11:41:06","date_gmt":"2024-06-19T09:41:06","guid":{"rendered":"https:\/\/www.egss.si\/?page_id=23034"},"modified":"2025-02-11T09:59:08","modified_gmt":"2025-02-11T08:59:08","slug":"gdpr","status":"publish","type":"page","link":"https:\/\/www.egss.si\/index.php\/gdpr\/","title":{"rendered":"Informacije o obdelavi osebnih podatkov za posameznike 13.\u010dlen"},"content":{"rendered":"<p><div class=\"fusion-fullwidth fullwidth-box fusion-builder-row-1 nonhundred-percent-fullwidth non-hundred-percent-height-scrolling\" style=\"--awb-border-radius-top-left:0px;--awb-border-radius-top-right:0px;--awb-border-radius-bottom-right:0px;--awb-border-radius-bottom-left:0px;--awb-background-color:#ffffff;--awb-flex-wrap:wrap;\" ><div class=\"fusion-builder-row fusion-row\"><div class=\"fusion-layout-column fusion_builder_column fusion-builder-column-0 fusion_builder_column_1_1 1_1 fusion-one-full fusion-column-first fusion-column-last\" style=\"--awb-bg-size:cover;--awb-margin-bottom:0px;\"><div class=\"fusion-column-wrapper fusion-flex-column-wrapper-legacy\"><div class=\"fusion-image-element fusion-image-align-center in-legacy-container\" style=\"text-align:center;--awb-caption-title-font-family:var(--h2_typography-font-family);--awb-caption-title-font-weight:var(--h2_typography-font-weight);--awb-caption-title-font-style:var(--h2_typography-font-style);--awb-caption-title-size:var(--h2_typography-font-size);--awb-caption-title-transform:var(--h2_typography-text-transform);--awb-caption-title-line-height:var(--h2_typography-line-height);--awb-caption-title-letter-spacing:var(--h2_typography-letter-spacing);\"><div class=\"imageframe-align-center\"><span class=\" fusion-imageframe imageframe-none imageframe-1 hover-type-none\" style=\"border-radius:5px;\"><img decoding=\"async\" width=\"1441\" height=\"223\" title=\"header_GDPR_informacije\" src=\"https:\/\/www.egss.si\/wp-content\/uploads\/2024\/06\/header_GDPR_informacije.png\" alt class=\"img-responsive wp-image-23062\" srcset=\"https:\/\/www.egss.si\/wp-content\/uploads\/2024\/06\/header_GDPR_informacije-200x31.png 200w, https:\/\/www.egss.si\/wp-content\/uploads\/2024\/06\/header_GDPR_informacije-400x62.png 400w, https:\/\/www.egss.si\/wp-content\/uploads\/2024\/06\/header_GDPR_informacije-600x93.png 600w, https:\/\/www.egss.si\/wp-content\/uploads\/2024\/06\/header_GDPR_informacije-800x124.png 800w, https:\/\/www.egss.si\/wp-content\/uploads\/2024\/06\/header_GDPR_informacije-1200x186.png 1200w, https:\/\/www.egss.si\/wp-content\/uploads\/2024\/06\/header_GDPR_informacije.png 1441w\" sizes=\"(max-width: 1050px) 100vw, 1200px\" \/><\/span><\/div><\/div><div class=\"fusion-clearfix\"><\/div><\/div><\/div><\/div><\/div><div class=\"fusion-fullwidth fullwidth-box fusion-builder-row-2 nonhundred-percent-fullwidth non-hundred-percent-height-scrolling\" style=\"--awb-border-radius-top-left:0px;--awb-border-radius-top-right:0px;--awb-border-radius-bottom-right:0px;--awb-border-radius-bottom-left:0px;--awb-padding-top:40px;--awb-padding-bottom:40px;--awb-flex-wrap:wrap;\" ><div class=\"fusion-builder-row fusion-row\"><div class=\"fusion-layout-column fusion_builder_column fusion-builder-column-1 fusion_builder_column_1_1 1_1 fusion-one-full fusion-column-first fusion-column-last\" style=\"--awb-bg-size:cover;\"><div class=\"fusion-column-wrapper fusion-flex-column-wrapper-legacy\"><div class=\"fusion-text fusion-text-1\"><h1><b>Obvestilo posamezniku po 13. \u010dlenu splo\u0161ne uredbe glede obdelave osebnih podatkov pri videonadzoru<\/b><\/h1>\n<\/div><div class=\"fusion-text fusion-text-2\"><p>Pravilnik o video nadzornem sistemu (2023)<\/p>\n<p><strong>Upravljavec sistema<\/strong>:<\/p>\n<p>Ekonomska gimnazija in srednja \u0161ola Radovljica,\u00a0 Gorenjska cesta 13, 4240 Radovljica, e-po\u0161ta: <a href=\"mailto:gdpr@egss.si\">gdpr@egss.si<\/a>.<\/p>\n<p><strong>Poobla\u0161\u010dena oseba za varstvo osebnih podatkov (ang. DPO)<\/strong>: kontakt na <a href=\"mailto:povop@sckr.si\">povop@sckr.si<\/a><\/p>\n<p><strong>Namen obdelave osebnih podatkov: <\/strong>varovanje in za\u0161\u010dita ljudi in premo\u017eenja (zagotavljanje varovanja in varnosti dijakov, zaposlenih in obiskovalcev, zagotavljanje nadzora vstopa ali izstopa v ali iz zavoda ter varovanje nepremi\u010dnin in opreme v zavodu in okolice zavoda).<\/p>\n<p><strong>Pravna podlaga za obdelavo osebnih podatkov:\u00a0<\/strong>\u010dlen 6(1)(e) Splo\u0161ne uredbe v povezavi s \u010detrtim odstavkom 9. \u010dlena ter 76. do 78. \u010dlena ZVOP-2.<\/p>\n<p><strong>Uporabniki ali\u00a0kategorije uporabnikov<a name=\"_ftnref2\"><\/a> osebnih podatkov, \u010de obstajajo: <\/strong>upravljavec in ostali uporabniki po zakonu.<strong> \u00a0<\/strong><\/p>\n<p><strong>Poobla\u0161\u010dena oseba za videonadzor: <\/strong>Irena Punger\u010dar, svetovalna delavka<\/p>\n<p><strong>Posebni vplivi obdelave: <\/strong>Posebnih vplivov obdelave ni.<\/p>\n<p><strong>Neobi\u010dajne nadaljnje obdelave: <\/strong>Osebni podatki se ne prena\u0161ajo v tretje dr\u017eave.<\/p>\n<p><strong>Obdobje hrambe osebnih podatkov: <\/strong>Upravljavec podatke iz aplikacije hrani v skladu z internim Pravilnikom o video nadzornem sistemu: 3 mesece.<\/p>\n<p><strong>Informacije o obstoju pravic posameznika, da lahko zahteva dostop do osebnih podatkov in popravek ali izbris osebnih podatkov ali omejitev, ali obstoj pravice do ugovora obdelavi in pravice do prenosljivosti podatkov:\u00a0<\/strong>Posameznik, na katerega se nana\u0161ajo osebni podatki, ima pravico zahtevati dostop do osebnih podatkov, ki se nana\u0161ajo nanj, na elektronskem naslovu: <a href=\"mailto:gdpr@egss.si\">gdpr@egss.si<\/a>.\u00a0Zahteva posameznika se obravnava skladno z dolo\u010dbami\u00a0 ZVOP-2 in Splo\u0161ne uredbe.<\/p>\n<p>Avtomatizirano sprejemanje odlo\u010ditev ali profiliranje se ne izvajata.<\/p>\n<p><strong>Informacija o pravici do vlo\u017eitve prito\u017ebe pri nadzornem organu<\/strong>:\u00a0Prito\u017ebo lahko podate informacijskemu poobla\u0161\u010dencu (naslov: Dunajska 22, 1000 Ljubljana, e-naslov: <a href=\"mailto:gp.ip@ip-rs.si\">gp.ip@ip-rs.si<\/a>\u00a0tel.: 01 230 97 30, spletna stran:\u00a0<a href=\"http:\/\/www.ip-rs.si\/\">www.ip-rs.si<\/a>).<\/p>\n<\/div><div class=\"fusion-clearfix\"><\/div><\/div><\/div><\/div><\/div><div class=\"fusion-fullwidth fullwidth-box fusion-builder-row-3 nonhundred-percent-fullwidth non-hundred-percent-height-scrolling\" style=\"--awb-border-radius-top-left:0px;--awb-border-radius-top-right:0px;--awb-border-radius-bottom-right:0px;--awb-border-radius-bottom-left:0px;--awb-padding-top:25px;--awb-background-color:#cdcacb;--awb-flex-wrap:wrap;\" ><div class=\"fusion-builder-row fusion-row\"><div class=\"fusion-layout-column fusion_builder_column fusion-builder-column-2 fusion_builder_column_1_1 1_1 fusion-one-full fusion-column-first fusion-column-last\" style=\"--awb-bg-size:cover;\"><div class=\"fusion-column-wrapper fusion-flex-column-wrapper-legacy\"><div class=\"fusion-clearfix\"><\/div><\/div><\/div><\/div><\/div><\/p>\n","protected":false},"excerpt":{"rendered":"","protected":false},"author":1,"featured_media":0,"parent":0,"menu_order":0,"comment_status":"closed","ping_status":"closed","template":"100-width.php","meta":{"_monsterinsights_skip_tracking":false,"_monsterinsights_sitenote_active":false,"_monsterinsights_sitenote_note":"","_monsterinsights_sitenote_category":0,"two_page_speed":[],"footnotes":""},"class_list":["post-23034","page","type-page","status-publish","hentry"],"_links":{"self":[{"href":"https:\/\/www.egss.si\/index.php\/wp-json\/wp\/v2\/pages\/23034","targetHints":{"allow":["GET"]}}],"collection":[{"href":"https:\/\/www.egss.si\/index.php\/wp-json\/wp\/v2\/pages"}],"about":[{"href":"https:\/\/www.egss.si\/index.php\/wp-json\/wp\/v2\/types\/page"}],"author":[{"embeddable":true,"href":"https:\/\/www.egss.si\/index.php\/wp-json\/wp\/v2\/users\/1"}],"replies":[{"embeddable":true,"href":"https:\/\/www.egss.si\/index.php\/wp-json\/wp\/v2\/comments?post=23034"}],"version-history":[{"count":26,"href":"https:\/\/www.egss.si\/index.php\/wp-json\/wp\/v2\/pages\/23034\/revisions"}],"predecessor-version":[{"id":23735,"href":"https:\/\/www.egss.si\/index.php\/wp-json\/wp\/v2\/pages\/23034\/revisions\/23735"}],"wp:attachment":[{"href":"https:\/\/www.egss.si\/index.php\/wp-json\/wp\/v2\/media?parent=23034"}],"curies":[{"name":"wp","href":"https:\/\/api.w.org\/{rel}","templated":true}]}}